be (-3)/9 - (-128)/6. What is the tens digit of g/(-9)*(-9 + 3)?
1
Suppose -3010 = a - 15*a. What is the hundreds digit of a?
2
Let l(o) be the first derivative of 2*o**3/3 - 3*o**2 - o + 2. What is the units digit of l(6)?
5
Let y(o) = o**2 + 6*o + 17. What is the tens digit of y(-5)?
1
Suppose 2*y = -t + 28, 2*t + t + 48 = 5*y. What is the tens digit of 2*(-2)/(y/(-45))?
1
Let u = 156 + -135. What is the tens digit of u?
2
Suppose 9 = 5*t - 1. Let b(d) = -1 + 3*d + 3 - 1. What is the units digit of b(t)?
7
Suppose 3*r = -24 - 6. Suppose 0 = -5*o - 1 - 24. Let h = o - r. What is the units digit of h?
5
Let g(t) = t**3 - 4*t**2 + 7*t - 1. What is the units digit of g(5)?
9
Let q(g) = 7*g**2 - g + 2. What is the units digit of q(1)?
8
Let r(j) = 18*j + 1. What is the units digit of r(1)?
9
Let j = 6 + -1. Suppose 0 = -3*t + j + 10. What is the units digit of t?
5
Let q be ((-2)/(-2))/1 + -8. Let x = q - -17. What is the units digit of 0 + x + (3 - 1)?
2
Let p = 1 - -1. Suppose p*q = -21 + 61. Suppose 12*s = 13*s - q. What is the tens digit of s?
2
What is the units digit of 168/3 - (-1 + 1)?
6
Let m = -225 + 435. What is the units digit of m?
0
Let x(h) = 13 + 2*h - h**3 - 2*h. What is the tens digit of x(0)?
1
Suppose 0 = -c - c - 5*u - 11, 2*u - 25 = -5*c. What is the units digit of c?
7
Let r(f) be the third derivative of f**4/24 + 4*f**2. Let w be r(2). Suppose -2*p - w*p = -68. What is the tens digit of p?
1
Let x = -35 + 50. Suppose -5*j + 0*j = -x. Suppose -j*w = -6*w + 6. What is the units digit of w?
2
Suppose h - 5*l = -14, 5*h + 0 - 17 = -4*l. Suppose -7 = -k + i, k + 0*i - 3*i = -h. What is the units digit of k?
1
Let h = 30 - 5. What is the units digit of h?
5
Suppose -3*d - 5*m + 2*m = -15, 0 = 3*d + 2*m - 12. What is the tens digit of 3 - 6*(d + -4)?
1
Let a be ((-2)/1)/((-2)/1). Suppose 4 = f + a. What is the units digit of (6*2)/f + -1?
3
Let c(y) = -33*y**3 - 2*y**2 + 10*y + 17. What is the hundreds digit of c(-2)?
2
Let k(i) = 2*i - 4 + 5 - 3*i. Let s be k(-4). Suppose -s*t + 38 + 25 = -g, -t + 18 = -2*g. What is the tens digit of t?
1
Suppose m = -2*f - 0*f + 11, 1 = -m + f. Suppose 2*a = 3*a - 4*q - 23, 3*a + m*q = -6. What is the units digit of a?
3
Let k be (4/(-12))/((-1)/9). Let t(w) be the first derivative of 2*w**3/3 - 3*w**2/2 + w + 6. What is the units digit of t(k)?
0
Suppose 2*z - 258 = -3*b + 4*z, 5*b - 432 = 4*z. Let c = b + -43. What is the units digit of c?
1
Let p = -14 - -44. What is the units digit of p?
0
Let y(d) = 2*d**3 - 7*d**2 + 5*d. What is the units digit of y(4)?
6
Let u(j) = 3*j - 32. What is the units digit of u(16)?
6
Suppose -2*d = -6*d + 12. Suppose 41 = 5*h - h + o, 4*h - 4*o - 36 = 0. Suppose d = s - h. What is the units digit of s?
3
Let w(v) = -v**3 + 2*v**2 + v + 4. Let k be w(3). Let n be 51/(-9) - k/(-6). Let x = n - -8. What is the units digit of x?
2
Suppose -5*r = -3*k - 45 + 386, -k - 3*r = -109. What is the tens digit of k?
1
Suppose 5*p = 13 - 18. Let n(c) = -2*c + 1. What is the units digit of n(p)?
3
Let m be 8 + 3/6*-6. Suppose m*w - 145 = 3*r, 90 = 2*w + 2*r + 32. Suppose -s + 24 = -3*y, w + 23 = 3*s - 4*y. What is the units digit of s?
2
Suppose -58 = -4*r - 5*h, 3*h + 16 = 2*r - h. Let i be r/3*(-2)/(-4). Suppose i*n = 6*n - 44. What is the tens digit of n?
1
Let v = -2 + 3. What is the units digit of v*16 - -2 - 2?
6
Let w(y) = -y - 1. Let i be w(-3). Let n be (5/i)/(2/32). Suppose 0 = -2*h - 2*h + n. What is the units digit of h?
0
Suppose 0 = -s + n + 2*n - 10, 5*n = -5*s + 10. Let q(m) = 4*m - 2*m - m + 6*m**2. What is the units digit of q(s)?
5
Suppose g + 50 = -2*x, -4*g + 5*x - 310 = -45. Let w = g + 144. What is the units digit of w/(-18)*(-6)/4?
7
Suppose 3*h = 2*q + 5*h - 18, 5*q = -3*h + 47. Let f be (-1)/((-8)/q + 1). Let d = -2 - f. What is the units digit of d?
3
Let q = -6 + 6. Suppose q*g + 5 = g. What is the units digit of (12/(-2))/(g/(-10))?
2
Suppose -4 = t - 6. Let v be 1*(0 + 12 - 0). Suppose 0 = -2*r - 3*m + 17 - 0, 2*m - v = -t*r. What is the units digit of r?
1
Suppose -5*n + 4*a = -31, -3*n = -4*a + 9 - 34. What is the units digit of 28/(0 - (2 - n))?
8
Let d be (7 - 6)/((-1)/(-19)). Suppose 0*f - 4*f = -5*q + 97, -d = -q + f. Let z = q - 4. What is the tens digit of z?
1
Let b = 4 + 8. What is the tens digit of b?
1
Let c(n) = -4*n**3 + 2*n**2 + n - 1. What is the units digit of c(-1)?
4
Let t = 57 - 27. What is the units digit of t?
0
Suppose 0*s = -4*s + 108. What is the tens digit of s?
2
Let l = -8 + 16. Let z = l + 4. What is the units digit of z?
2
Let m(i) = -i + 1. Let h(x) = 6*x + 4. Let u(w) = h(w) + 5*m(w). What is the units digit of u(0)?
9
Suppose -2*u - 3*x + 46 = 0, 0 = -0*x + 2*x + 8. What is the units digit of u?
9
Suppose -2*o + 88 = 2*o. What is the tens digit of o?
2
What is the units digit of 100/15 - 1/(-3)?
7
Let q = -8 + 23. What is the units digit of q?
5
Suppose -68 = -8*m + 6*m. Suppose 2*p + 4 - m = 0. Suppose 5*w = 2*w + p. What is the units digit of w?
5
Suppose -7*b - 6 = -9*b. What is the units digit of b?
3
Let d(z) be the third derivative of -1/120*z**6 - 1/8*z**4 + 0 - 3*z**2 - 1/6*z**3 + 0*z - 1/15*z**5. What is the units digit of d(-4)?
1
Let p = 8 + -12. Let f(g) be the second derivative of -g**5/20 - g**4/4 + g**3/3 + 2*g**2 - g. What is the units digit of f(p)?
2
What is the tens digit of -6 + 63 + 6 + 2/(-2)?
6
Let r(a) be the second derivative of -a**3/3 - 2*a. Let v be (-315)/75 - (-1)/5. What is the units digit of r(v)?
8
Let g(k) be the third derivative of -k**6/360 - k**5/30 + k**4/24 - 4*k**2. Let h(q) be the second derivative of g(q). What is the units digit of h(-7)?
0
Let a = 12 + -7. What is the units digit of a?
5
Suppose -2*h = h. Suppose h = -c - c. Suppose c = p - 5*p + 4. What is the units digit of p?
1
Let f = 527 + -376. What is the tens digit of f?
5
Let x(r) be the second derivative of -r**3/3 - 3*r**2/2 - r. What is the units digit of x(-2)?
1
Suppose 138 = a + x, -403 = -3*a + 3*x + 17. What is the hundreds digit of a?
1
Suppose s - 4*s + 3*z = 0, 2*z = 8. Suppose 2*h + 311 = m + 4*m, s*h = -12. Suppose 11 = t + r - 2, -5*t - 3*r + m = 0. What is the tens digit of t?
1
Suppose 0 = 5*k - 7 - 18, -5*h - 10 = -k. Let r be (-1 + h - 1) + 0. What is the units digit of 2/(2*r/(-21))?
7
Suppose 0 = m - 26 - 15. What is the tens digit of m/2 - 2/4?
2
Let u = -2 + 6. Suppose z - 21 = -b, -u*z = b - 72 + 3. What is the units digit of z?
6
Let f(r) = -22*r + 3. Let z(o) = -87*o + 11. Let l(s) = -22*f(s) + 6*z(s). What is the tens digit of l(-1)?
3
Let t(h) = h**3 + 7*h**2 + 4*h - 8. Let v be t(-6). Suppose -10 = -x - v*x - n, -2*x + 4*n = -26. Suppose x*y - 44 = -y. What is the units digit of y?
1
Let g(v) be the second derivative of v**6/180 + v**5/20 + v**4/24 + v**3/6 + 2*v. Let c(t) be the second derivative of g(t). What is the units digit of c(-4)?
9
Suppose -1 - 14 = x. Let u = 22 + x. What is the units digit of u?
7
What is the tens digit of 8/(-10)*(-37 - 3)?
3
Suppose 17*k + 6 = 19*k. What is the units digit of k?
3
Let f(a) = a + 3. Let x be f(-4). Let i be (2 - x)/3 + 14. What is the units digit of (-4)/10 - (-156)/i?
0
Let f = -12 + 14. Suppose f = 3*n - 10. What is the units digit of n?
4
Suppose 3*q = -q - 2*l + 400, -2*q - 4*l = -188. What is the units digit of q?
2
Let k be (22/4*-2)/1. Let m = k + 38. Suppose 0 = 5*c + 25, 0 = -0*a + 2*a - 3*c - m. What is the units digit of a?
6
What is the tens digit of (10/(-20))/((-1)/(-2)) - -161?
6
Let y(m) = -m**2 + 14*m - 20. What is the units digit of y(10)?
0
Let j = -96 - -239. What is the tens digit of j?
4
Let q(l) = -6*l - 27. What is the units digit of q(-12)?
5
Let z = 12 - 7. Suppose -h + 0 + z = 0. What is the units digit of (h/4)/(1/4)?
5
Let r(t) = t**3 - 3*t**2 - 4*t + 4. Let y be r(4). Suppose 0 = y*h - 3*h - 1. Suppose -11 = -3*u + h. What is the units digit of u?
4
Let w = 148 + -37. What is the tens digit of w?
1
Let n(v) = -2*v**2 - 3*v + 5. Let x be n(-4). Suppose 3*c - 21 = -54. Let m = c - x. What is the units digit of m?
4
Let y = 59 - 42. What is the units digit of y?
7
Let c = -11 + 11. Suppose 2*o + c - 42 = 0. What is the units digit of o?
1
Let g be 93 - (-3)/(1*-3). Suppose 12 = 4*y + g. What is the units di